{"id":677,"date":"2022-04-19T21:14:13","date_gmt":"2022-04-19T19:14:13","guid":{"rendered":"http:\/\/okabeer.com\/?page_id=677"},"modified":"2024-09-19T10:59:36","modified_gmt":"2024-09-19T08:59:36","slug":"professionels","status":"publish","type":"page","link":"https:\/\/okabeer.com\/index.php\/professionels\/","title":{"rendered":"Professionnels"},"content":{"rendered":"<style>\/*! elementor - v3.6.1 - 23-03-2022 *\/\n.elementor-heading-title{padding:0;margin:0;line-height:1}.elementor-widget-heading .elementor-heading-title[class*=elementor-size-]>a{color:inherit;font-size:inherit;line-height:inherit}.elementor-widget-heading .elementor-heading-title.elementor-size-small{font-size:15px}.elementor-widget-heading .elementor-heading-title.elementor-size-medium{font-size:19px}.elementor-widget-heading .elementor-heading-title.elementor-size-large{font-size:29px}.elementor-widget-heading .elementor-heading-title.elementor-size-xl{font-size:39px}.elementor-widget-heading .elementor-heading-title.elementor-size-xxl{font-size:59px}<\/style>\n<h2>D\u00e9couvrez  Brassi&#8217;Coop : Coop\u00e9rative brassicole dans le grand Est<\/h2>\n<style>\/*! elementor - v3.6.1 - 23-03-2022 *\/\n.elementor-widget-image{text-align:center}.elementor-widget-image a{display:inline-block}.elementor-widget-image a img[src$=\".svg\"]{width:48px}.elementor-widget-image img{vertical-align:middle;display:inline-block}<\/style>\n<p>\t\t\t\t\t\t\t\t\t\t\t\t<img data-recalc-dims=\"1\" decoding=\"async\" src=\"https:\/\/i0.wp.com\/okabeer.com\/wp-content\/uploads\/elementor\/thumbs\/bandeau-1-q34gkvxyamqn3xja21y42ftpvexvje6ga3jjnxn1jq.png?w=1066\" title=\"bandeau\" alt=\"bandeau\" \/>\t\t\t\t\t\t\t\t\t\t\t\t\t\t\t<\/p>\n<h5 style=\"text-align: center;\"><em>Brassi&#8217;coop<\/em><strong><em> permet \u00e0 ses adh\u00e9rents de mutualiser une plateforme logistique de distribution et une force commerciale.<\/em><\/strong><\/h5>\n<h6><em><strong>Les origines<\/strong><\/em><\/h6>\n<p>En 2020, l\u2019id\u00e9e a pris forme au sein de l\u2019Union des Brasseurs du Grand Est apr\u00e8s une rencontre avec la structure Bi\u00e8res des R\u00e9gions<br role=\"presentation\" \/>Le constat \u00e9tait simple : les brasseurs sont de plus en plus nombreux et ont souvent des clients communs<br role=\"presentation\" \/>Il appara\u00eet alors possible d\u2019optimiser les co\u00fbts de distribution de chacun avec un p\u00f4le logistique et commercial commun<br role=\"presentation\" \/>Brassi\u2019Coop est cr\u00e9\u00e9e le 4 octobre 2022.<\/p>\n<h6><em><strong>Les membres fondateurs<\/strong><\/em><\/h6>\n<p>Olivier DEPAIX Directeur de Brassi\u2019Coop a port\u00e9 le projet aupr\u00e8s des partenaires institutionnels et financiers. Sa mission est de g\u00e9rer<br role=\"presentation\" \/>et d\u00e9velopper Brassi\u2019Coop. Brasserie La Chao\u00fbette et Brasserie de Nettancourt. <\/p>\n<h6><em><strong>Les moyens<\/strong><\/em><\/h6>\n<p>Brassi\u2019Coop stocke les bi\u00e8res et produits de ses adh\u00e9rents dans un b\u00e2timent de 250 m2 au nord de Nancy proche des grands axes routiers. Cet emplacement est strat\u00e9gique pour rayonner sur le Grand Est.<br role=\"presentation\" \/>Une \u00e9quipe logistique g\u00e8re les commandes via Easybeer ainsi que les livraisons qui couvrent la r\u00e9gion Grand Est<br role=\"presentation\" \/>Un commercial d\u00e9veloppe le placement des produits aupr\u00e8s de nouveaux points de distribution.<\/p>\n<h6><strong><em>Les valeurs<\/em> <\/strong><br \/><\/h6>\n<p>Nous sommes particuli\u00e8rement attach\u00e9s \u00e0 l\u2019humain, la d\u00e9mocratie et la solidarit\u00e9, ce sont les fondements m\u00eame et les valeurs de notre coop\u00e9rative. Nous souhaitons aussi faire de Brassi\u2019Coop un label de garantie locale pour nos clients en s\u00e9lectionnant parmi ses adh\u00e9rents les brasseurs ind\u00e9pendants fabriquant 100 % de leurs produits.<\/p>\n<p>Nous affichons \u00e9galement la volont\u00e9 de nous adapter aux enjeux \u00e9cologiques et climatiques en optimisant les tourn\u00e9es avec des camionnettes charg\u00e9es \u00e0 l\u2019aller pour les livraisons et toujours pleines au retour (r\u00e9cup\u00e9ration des stocks des adh\u00e9rents).<\/p>\n<h6><em><b>Les brasseries adh\u00e9rentes<\/b><\/em><\/h6>\n<p>La Ch\u00e2ouette, Nettancourt, Cheval, CoinCoin, Okabeer, Orgemont, le Der, La Dunoise, La Golaye, Rodemack, Bon Poison, Ovata, La Vall\u00e9e.<\/p>\n","protected":false},"excerpt":{"rendered":"<p>D\u00e9couvrez Brassi&#8217;Coop : Coop\u00e9rative brassicole dans le grand Est Brassi&#8217;coop permet \u00e0 ses adh\u00e9rents de mutualiser une plateforme logistique de distribution et une force commerciale. &hellip;<\/p>\n","protected":false},"author":1,"featured_media":0,"parent":0,"menu_order":0,"comment_status":"closed","ping_status":"closed","template":"","meta":{"footnotes":""},"class_list":["post-677","page","type-page","status-publish","hentry"],"jetpack_sharing_enabled":true,"_links":{"self":[{"href":"https:\/\/okabeer.com\/index.php\/wp-json\/wp\/v2\/pages\/677","targetHints":{"allow":["GET"]}}],"collection":[{"href":"https:\/\/okabeer.com\/index.php\/wp-json\/wp\/v2\/pages"}],"about":[{"href":"https:\/\/okabeer.com\/index.php\/wp-json\/wp\/v2\/types\/page"}],"author":[{"embeddable":true,"href":"https:\/\/okabeer.com\/index.php\/wp-json\/wp\/v2\/users\/1"}],"replies":[{"embeddable":true,"href":"https:\/\/okabeer.com\/index.php\/wp-json\/wp\/v2\/comments?post=677"}],"version-history":[{"count":68,"href":"https:\/\/okabeer.com\/index.php\/wp-json\/wp\/v2\/pages\/677\/revisions"}],"predecessor-version":[{"id":962,"href":"https:\/\/okabeer.com\/index.php\/wp-json\/wp\/v2\/pages\/677\/revisions\/962"}],"wp:attachment":[{"href":"https:\/\/okabeer.com\/index.php\/wp-json\/wp\/v2\/media?parent=677"}],"curies":[{"name":"wp","href":"https:\/\/api.w.org\/{rel}","templated":true}]}}